0
What is the remainder when 35200358 is divided by 35200339?
19
What is the remainder when 16585 is divided by 3735?
1645
What is the remainder when 12126596 is divided by 200?
196
What is the remainder when 9017930 is divided by 367?
6
Calculate the remainder when 110951917 is divided by 13.
11
Calculate the remainder when 7341122 is divided by 228.
206
What is the remainder when 77782 is divided by 924?
166
Calculate the remainder when 7713741 is divided by 6093.
3
What is the remainder when 336637 is divided by 1189?
150
Calculate the remainder when 9747329 is divided by 2725.
4
Calculate the remainder when 3206317 is divided by 216.
13
Calculate the remainder when 39538846 is divided by 38.
36
What is the remainder when 4680221 is divided by 2394?
2345
Calculate the remainder when 3107117 is divided by 40.
37
Calculate the remainder when 283411878 is divided by 932.
930
What is the remainder when 103905 is divided by 1676?
1669
Calculate the remainder when 8316206 is divided by 1161.
1124
What is the remainder when 639274 is divided by 957?
955
What is the remainder when 283852 is divided by 1107?
460
What is the remainder when 1379777 is divided by 1379761?
16
Calculate the remainder when 1098346 is divided by 183054.
22
Calculate the remainder when 1068356 is divided by 51.
8
Calculate the remainder when 1665024 is divided by 408.
384
What is the remainder when 9924981 is divided by 23?
21
What is the remainder when 52625 is divided by 52502?
123
What is the remainder when 815885 is divided by 953?
117
Calculate the remainder when 11580936 is divided by 5630.
26
What is the remainder when 1394772 is divided by 34?
24
Calculate the remainder when 1594612 is divided by 133.
75
What is the remainder when 193562 is divided by 96775?
12
Calculate the remainder when 1533845 is divided by 1127.
1125
Calculate the remainder when 4716846 is divided by 21.
15
What is the remainder when 26061 is divided by 57?
12
Calculate the remainder when 819774 is divided by 2192.
2158
Calculate the remainder when 2467868 is divided by 1824.
1820
What is the remainder when 146075573 is divided by 926?
925
What is the remainder when 1895086 is divided by 116?
110
Calculate the remainder when 1120785 is divided by 8063.
28
Calculate the remainder when 113091 is divided by 650.
641
What is the remainder when 157271 is divided by 3378?
1883
Calculate the remainder when 2008369 is divided by 667102.
7063
Calculate the remainder when 14647487 is divided by 58.
51
Calculate the remainder when 290405 is divided by 287417.
2988
What is the remainder when 10277 is divided by 9480?
797
Calculate the remainder when 2403414 is divided by 368.
6
What is the remainder when 1834064 is divided by 4121?
219
Calculate the remainder when 46174127 is divided by 46174119.
8
Calculate the remainder when 5848835 is divided by 76.
27
Calculate the remainder when 26619097 is divided by 1943.
1940
Calculate the remainder when 9936511 is divided by 87162.
43
What is the remainder when 11350898 is divided by 2113?
1975
Calculate the remainder when 4843046 is divided by 968602.
36
What is the remainder when 442979 is divided by 1533?
1475
Calculate the remainder when 2048115 is divided by 292555.
230
Calculate the remainder when 14149530 is divided by 71825.
5
Calculate the remainder when 244661 is divided by 122329.
3
What is the remainder when 2211468 is divided by 5993?
51
What is the remainder when 24399934 is divided by 1584?
1582
What is the remainder when 354290 is divided by 201?
128
What is the remainder when 4529097 is divided by 251615?
27
What is the remainder when 412406 is divided by 4295?
86
Calculate the remainder when 80773 is divided by 10785.
5278
Calculate the remainder when 25200 is divided by 1417.
1111
Calculate the remainder when 12710 is divided by 201.
47
Calculate the remainder when 50469 is divided by 47688.
2781
Calculate the remainder when 61869365 is divided by 1202.
21
What is the remainder when 66681 is divided by 5855?
2276
What is the remainder when 113311 is divided by 28040?
1151
Calculate the remainder when 111757641 is divided by 37252547.
0
What is the remainder when 1703569 is divided by 6705?
499
Calculate the remainder when 55014006 is divided by 771.
72
What is the remainder when 1672533702 is divided by 8?
6
Calculate the remainder when 19526772 is divided by 21.
6
Calculate the remainder when 4935233 is divided by 2910.
2783
What is the remainder when 986861 is divided by 402?
353
What is the remainder when 7122942 is divided by 3379?
10
What is the remainder when 110098 is divided by 36592?
322
Calculate the remainder when 90506 is divided by 15019.
392
What is the remainder when 309653978 is divided by 1021?
1014
Calculate the remainder when 625698 is divided by 24064.
34
Calculate the remainder when 6776023 is divided by 252.
247
What is the remainder when 474398 is divided by 1993?
64
Calculate the remainder when 7335864 is divided by 666895.
19
Calculate the remainder when 136943749 is divided by 125.
124
What is the remainder when 117058 is divided by 10639?
29
What is the remainder when 3971014 is divided by 333?
322
Calculate the remainder when 524308 is divided by 22.
4
What is the remainder when 97720798 is divided by 480?
478
What is the remainder when 201925 is divided by 13450?
175
What is the remainder when 45643 is divided by 22662?
319
Calculate the remainder when 106820 is divided by 106592.
228
What is the remainder when 26654070 is divided by 13327033?
4
Calculate the remainder when 251068 is divided by 82.
66
What is the remainder when 176864 is divided by 766?
684
Calculate the remainder when 981417 is divided by 2820.
57
What is the remainder when 9439017 is divided by 53?
35
Calculate the remainder when 15539411 is divided by 176.
19
Calculate the remainder when 285137249 is divided by 2350.
2349
Calculate the remainder when 2990112 is divided by 9616.
9152
Calculate the remainder when 94164203 is divided by 1264.
1259
Calculate the remainder when 4067 is divided by 135.
17
What is the remainder when 160648 is divided by 292?
48
Calculate the remainder when 5746 is divided by 1136.
66
Calculate the remainder when 419115 is divided by 52.
47
What is the remainder when 7350088 is divided by 4605?
508
Calculate the remainder when 226468 is divided by 45291.
13
What is the remainder when 2207942 is divided by 2467?
2444
What is the remainder when 612471 is divided by 205?
136
What is the remainder when 5321454 is divided by 1312?
1294
What is the remainder when 1619770 is divided by 5683?
115
Calculate the remainder when 24882262 is divided by 17.
8
Calculate the remainder when 5421 is divided by 602.
3
Calculate the remainder when 1033194 is divided by 12598.
158
What is the remainder when 1241164 is divided by 411976?
5236
What is the remainder when 21760312 is divided by 106?
102
What is the remainder when 43615 is divided by 427?
61
Calculate the remainder when 329366 is divided by 1517.
177
What is the remainder when 635279640 is divided by 24?
0
What is the remainder when 9500820 is divided by 48722?
30
What is the remainder when 43315947 is divided by 14438646?
9
Calculate the remainder when 4922169 is divided by 36.
33
Calculate the remainder when 8777 is divided by 1103.
1056
What is the remainder when 163513735 is divided by 469867?
19
What is the remainder when 12846 is divided by 3016?
782
What is the remainder when 100075 is divided by 24867?
607
Calculate the remainder when 46932517 is divided by 11733125.
17
Calculate the remainder when 27500 is divided by 4329.
1526
What is the remainder when 685732 is divided by 1559?
1331
Calculate the remainder when 1469554 is divided by 11308.
10822
Calculate the remainder when 2748542 is divided by 202.
130
What is the remainder when 408279 is divided by 204117?
45
What is the remainder when 1978043 is divided by 655?
598
What is the remainder when 364000 is divided by 910?
0
Calculate the remainder when 5101096 is divided by 1275233.
164
Calculate the remainder when 24696780 is divided by 3528109.
17
What is the remainder when 24594 is divided by 356?
30
What is the remainder when 9733330 is divided by 13481?
48
What is the remainder when 586553 is divided by 2742?
